6*s + 44. Let m be p(9). What is the remainder when (-2 + (-36)/(-5))/(m/(-25)) is divided by x?
6
Let z be (-5 - -3)/(1/2). Let n(j) = 2 - 4*j - 2*j**2 - 1 - j**3 + 0*j. Calculate the remainder when n(z) is divided by 26.
23
Calculate the remainder when 51 is divided by (0 - -6)*(0 + 2/3).
3
Suppose 0 = 8*f - 237 - 539. What is the remainder when f is divided by 26?
19
Suppose 0*x - 4*j = 5*x + 448, -3*x = -j + 279. Let d = x + 122. What is the remainder when 118 is divided by d?
28
Suppose -18 = -19*s + 17*s. Let x(j) = j**2 - 27. Suppose -3*f + 2*g + 33 + 17 = 0, -3*f + 22 = 5*g. Calculate the remainder when x(s) is divided by f.
12
Suppose 3*c - 4*c = 0, -3*h + 2*c + 81 = 0. What is the remainder when 106 is divided by h?
25
Let h be (3 - -2)*(-21)/(-15). What is the remainder when 19 + h/(7/4) is divided by 12?
11
Let z = 1392 + -1385. What is the remainder when 173 is divided by z?
5
Let n(f) = -f**2 + 6*f + 1. Let s be n(6). Let c be (-15)/(-10) - s/(-2). Let b = c + 5. Calculate the remainder when 20 is divided by b.
6
Let r = 75 - 67. Suppose r*b - 11*b = -72. Calculate the remainder when 69 is divided by b.
21
Let r(h) be the first derivative of -7*h**2/2 - 7*h - 4. Let q(z) = z**3 - 4*z**2 + 2*z. Calculate the remainder when r(-4) is divided by q(4).
5
Let b = -2261 - -2283. What is the remainder when 415 is divided by b?
19
Suppose o = -1 + 3. Suppose o + 6 = n. Calculate the remainder when 21 is divided by n.
5
Suppose 0 = 18*s - 16*s - 828. What is the remainder when s is divided by 52?
50
Let q be (-29)/(-4)*-2*-6. Suppose -2*n = 3*a + 1 - 58, -3*n - 5*a + q = 0. What is the remainder when n is divided by 16?
8
Suppose 2646 = 2*o + w - 682, 0 = -4*o - w + 6654. What is the remainder when o is divided by 32?
31
Let y = -6 - -14. Suppose -m - 3 = 0, 0 = -4*f + 5*m - 1 + 24. Suppose 0 = 3*z + f - 11. Calculate the remainder when y is divided by z.
2
What is the remainder when ((-150)/24)/(15/(-24)) is divided by 3?
1
Suppose 0 = -7*k + 2 - 23. Let h(o) = -o**2 - 8*o - 4. Let u be h(-4). Let s = u - k. Calculate the remainder when 42 is divided by s.
12
Let u(n) = -34*n + 1. Let f(c) = -102*c + 3. Let h(v) = -2*f(v) + 7*u(v). What is the remainder when h(-1) is divided by 9?
8
Let f = 112 - 170. Let y = -23 - f. Suppose -3*b = -2*s - y, -4*b + s + 32 = 2*s. Calculate the remainder when 26 is divided by b.
8
What is the remainder when 99 + (4 - -3 - 1) is divided by 27?
24
Suppose 3*k - 5 = 43. Suppose -5*c + c + k = 0. Suppose -c*o = o - 225. Calculate the remainder when o is divided by 23.
22
Let i = 1 + 4. Suppose -380 = -i*x - 2*b, b + 153 = 2*x + 2*b. Calculate the remainder when x is divided by 11.
8
Let i = -36 + 89. Suppose d = -2*r - 5 + i, -201 = -5*d + 3*r. Calculate the remainder when d is divided by 11.
9
Let p = 2251 + -2241. Calculate the remainder when 927 is divided by p.
7
Suppose 0 = 3*a - 5*q - 28, 5*a - 2*q - 3 = 69. Suppose -103*c = -99*c + 3*d - 610, 3*d = 4*c - 646. Calculate the remainder when c is divided by a.
13
Let g(x) = 2*x**3 - 25*x**2 - 9*x - 44. Let f(j) = -j + 2. Let o be f(0). Suppose o*y + 56 = 4*y. Calculate the remainder when y is divided by g(13).
4
Suppose 0 = -11*a - 23*a + 578. Calculate the remainder when 48 is divided by a.
14
Suppose 5*j = -3*f - 0*f + 11, -j + 13 = -3*f. Let u be (-456)/16*j/(-6). Suppose -136 = -5*v + u. Calculate the remainder when 90 is divided by v.
28
Let t(x) = 43*x + 24. Let a(v) = -21*v - 12. Let w(r) = 5*a(r) + 2*t(r). Calculate the remainder when w(-5) is divided by 22.
17
Let k(t) = 2*t**3 - 7*t**2 - 8*t + 29. What is the remainder when 30 is divided by k(4)?
4
Let f be 2 - (1 - (-2)/(-2)). Suppose 0 = g + f*g - 45. Calculate the remainder when 39 is divided by g.
9
Suppose 9*t - 10*t = -4. Suppose -4*u + t = -28. What is the remainder when 30 is divided by u?
6
Suppose 3*n = 1 - 7. Let b(j) = -j - 2. Let l be b(n). Suppose 5*s - 34 - 6 = l. Calculate the remainder when 15 is divided by s.
7
Let v be (3 + -3)*7/(-14). Calculate the remainder when 69 is divided by (6 - v) + (-24)/(-8).
6
Let y(k) be the second derivative of -k**3/6 + 63*k**2/2 + k. Let s be y(0). Suppose s = 2*g + g. What is the remainder when g is divided by 12?
9
Suppose -3*z - 18 = -3*k, -k + 4*k + 2*z = 13. Suppose 3*g = -k + 77. What is the remainder when 69 is divided by g?
21
Suppose -11 = 3*h - 4*a, -5*h = 5*a - 0*a - 40. Calculate the remainder when (36/30)/((-10)/(-75)) is divided by h.
0
Let z = -148 - -371. Calculate the remainder when z is divided by 38.
33
Let i be 3/4 - ((-260)/16 + -4). Let n = i + 108. What is the remainder when n is divided by (33/(-2))/((-3)/6)?
30
What is the remainder when ((-10)/20 - (-394)/4) + -1 is divided by 5?
2
Let i = 94 + -66. What is the remainder when 104 is divided by i?
20
Suppose 6 - 10 = -2*n. Suppose -4*d = 2*t - 68, 28 = 2*d - 0*d - n*t. What is the remainder when 0/(-1) - (-28 + -1) is divided by d?
13
What is the remainder when 124 is divided by (-18)/(-8 + 30/(-4 - -9))?
7
Let f(m) = -m**3 + 6*m**2 - 3*m - 4. Let n be f(2). Let b(r) = r**3 - 7*r**2 + 8*r - 3. Calculate the remainder when 25 is divided by b(n).
7
Let o(r) = 90*r**2 - 2*r + 3. Let j be o(-1). Let x = -5 + 9. Suppose -x*n - n + j = 0. What is the remainder when 37 is divided by n?
18
Let v = -69 - -48. Let s = 31 + v. Calculate the remainder when s is divided by 5.
0
Let g = 54 + 831. What is the remainder when (5/(-25))/((-3)/g) is divided by (-6)/3 - (1 + -34)?
28
Let t be -4 + (-4 - -2*28). Suppose 2*z - t = 4*l, 2*z - l = -2*z + 82. Suppose -3*a - a + 44 = 0. Calculate the remainder when z is divided by a.
9
Let d(b) = -b**2 - 8*b + 4. Let z be (-2 - 2/1) + 11. Suppose 3*g - 83 = z. Calculate the remainder when g is divided by d(-7).
8
Suppose 0 = 233*q - 228*q - 35. Suppose -2*j + 33 = 3*g, -2*g = -3*j - q*g + 50. What is the remainder when j is divided by 6?
3
Let x(w) be the first derivative of w**3/3 - 7*w**2/2 - 16*w + 3. Calculate the remainder when x(15) is divided by 27.
23
What is the remainder when (-342)/4*42/18*-6 is divided by 15?
12
What is the remainder when 274 is divided by (10/14)/((-430)/(-70) - 6)?
4
Let f be (6 - 78/8)/(2/(-120)). What is the remainder when 74 is divided by (((-25)/15)/5)/((-3)/f)?
24
Suppose -100*n + 116*n - 176 = 0. Calculate the remainder when 26 is divided by n.
4
Suppose 21*n = -26*n + 799. What is the remainder when 117 is divided by n?
15
Suppose -i + 7 = -4*k - 0*k, -2 = 2*k. Suppose -i*b = -7*b + 32. Let c = -37 + 66. Calculate the remainder when c is divided by b.
5
Let v(s) = 2 + s + 0*s + 2 - 4*s. Let g(q) = -15*q + 20. Let f(m) = -2*g(m) + 11*v(m). Calculate the remainder when f(0) is divided by 4.
0
Let h = -10 + 16. Calculate the remainder when h is divided by (-10 - -6 - -4) + -6 - (4 - 16).
0
Let p = -169 - -198. Calculate the remainder when 56 is divided by p.
27
Let n be (6 - 1)/(1 + 0). Suppose -2*v = -n*o - 31, -2*v + 35 = 3*v - 4*o. Calculate the remainder when 5 is divided by v.
2
Suppose 3*l - 4 = 89. Let j(u) = -u**2 + 4*u + 2. Let p be j(-3). Let g = -8 - p. Calculate the remainder when l is divided by g.
9
Let r(x) = 6*x**3 - 3*x**2 - 3*x + 7. Let q be r(3). Suppose -5*a + 97 + q = 0. Calculate the remainder when a is divided by 2/4 - (-62)/4.
14
Let s = 50 + -50. Suppose -90*c + 85*c + 275 = s. Calculate the remainder when c is divided by 14.
13
Suppose 0 = -p + 2*r, -3*p = -8*p - 5*r + 75. Calculate the remainder when 29 is divided by p.
9
Let h(z) = -4*z**2 - 3*z**2 - z**3 - 6*z + 2*z**2 + 5 + 4*z. What is the remainder when h(-6) is divided by 19?
15
Let i(q) = -5*q**3 - q**2 + 10*q + 11. What is the remainder when i(-1) is divided by 4?
1
Let p = -2 + 14. Let t = 537 - 161. Calculate the remainder when t/20 + p/(-15) is divided by 5.
3
Suppose -u = -3*u - 14. Let g = 2 + u. Let j = 22 + g. What is the remainder when 50 is divided by j?
16
Suppose -28 = 9*n - 1. Calculate the remainder when ((52/5)/2)/(n/(-45)) is divided by 21.
15
Suppose -3*m - m + 5 = j, 0 = -2*j - 6. Suppose -7 = -m*s + 135. What is the remainder when s is divided by 37?
34
Let h(i) = -i**3 + 2*i**2 - 6*i + 5. Let s be h(3). Let j = -36 + 76. Let f = j + s. What is the remainder when f is divided by 5?
3
Suppose s = -r - 5 + 1